-5
Let j(x) = -178*x - 1412. Determine j(-5).
-522
Let w(p) = p**3 - 36*p**2 + 235*p - 330. What is w(28)?
-22
Let k(f) = -f**3 - 2*f**2 + 148*f + 792. Determine k(-8).
-8
Let a(j) = -j**3 + j**2 - 784*j - 11. What is a(0)?
-11
Let r(b) = -b**3 + 13*b**2 + 54*b + 32. Determine r(-3).
14
Let p(v) = v**3 + 5*v**2 - 21*v - 61. Calculate p(-7).
-12
Let j(a) = -209*a - 11302. Give j(-54).
-16
Let g(h) = -70*h**3 + 15*h**2 - 23*h - 2. What is g(2)?
-548
Let z(r) = -13*r**2 - 11*r - 17. Determine z(-2).
-47
Let o(x) = -12*x + 630. Give o(53).
-6
Let v(p) = 18*p - 674. Calculate v(15).
-404
Let o(j) = 5*j**3 - 13*j**2 - 4*j + 6. Give o(3).
12
Let t(c) = 221*c - 3978. What is t(18)?
0
Let h(y) = -3*y**3 - 60*y**2 - 297*y - 1. Give h(-9).
-1
Let v(o) = -o**3 + 15*o**2 - 17*o + 54. Give v(14).
12
Let x(m) = 156*m + 173. Give x(-1).
17
Let v(j) = 3*j**2 - 2*j + 45. Calculate v(-6).
165
Let p(f) = 6*f**2 - 69*f + 93. Determine p(13).
210
Let p(r) = -61*r**2 - 244*r - 1. Determine p(-4).
-1
Let q(g) = -21*g**2 - 13*g - 16. What is q(-2)?
-74
Let v(m) = -m**3 + 17*m**2 + 38*m + 27. What is v(19)?
27
Let c(r) = -88*r + 4538. Determine c(52).
-38
Let y(f) = 364*f**2 + 67*f - 63. Calculate y(1).
368
Let g(k) = 3*k**2 - k - 10. Calculate g(-3).
20
Let q(t) = -7*t**3 - 45*t**2 - 2*t - 27. Give q(-7).
183
Let z(k) = -2*k**3 + 223*k**2 - 106*k - 554. Give z(111).
1
Let b(c) = 8*c**2 + 35*c - 114. What is b(3)?
63
Let c(s) = -49*s - 2301. Give c(-47).
2
Let o(b) = 72*b**3 - b**2 + 4*b + 5. Give o(-1).
-72
Let l(z) = -z**3 + 17*z**2 - 46*z + 67. Determine l(14).
11
Let f(v) = -v**3 - 19*v**2 - 52*v - 75. What is f(-16)?
-11
Let u(w) = -166*w + 1008. Give u(6).
12
Let x(c) = c**3 - 15*c**2 - 43*c + 39. Give x(17).
-114
Let t(g) = -5*g**3 - 5*g**2 - g - 9. Calculate t(3).
-192
Let q(g) = -14*g - 324. Determine q(-28).
68
Let r(m) = -m**3 - 49*m**2 + 663*m - 31. Give r(11).
2
Let z(u) = -5*u**3 - 226*u**2 - 263*u + 27. Determine z(-44).
-17
Let k(x) = -x**3 + 2*x**2 + 7*x + 15. What is k(7)?
-181
Let z(r) = -2*r**2 + 332*r - 3123. Calculate z(10).
-3
Let t(z) = 2*z**3 - 7*z**2 + 11*z - 2. Calculate t(2).
8
Let k(o) = -2*o**3 - 81*o**2 + 55*o + 529. Determine k(-41).
-45
Let u(h) = -h**3 - 28*h**2 - 3*h - 934. Calculate u(-29).
-6
Let c(j) = j**3 - 13*j**2 - 8*j - 115. Calculate c(14).
-31
Let m(r) = -4*r**2 - 121*r - 879. Calculate m(-12).
-3
Let n(j) = -110*j**2 + 12*j + 11. Give n(-1).
-111
Let u(f) = -f**3 - 2*f**2 + 11*f + 34. What is u(-5)?
54
Let k(w) = -w**2 - 244*w - 243. Determine k(-1).
0
Let k(y) = y**2 - 25*y + 212. Determine k(18).
86
Let f(h) = 2*h**3 - 25*h**2 - 30*h + 22. Calculate f(14).
190
Let b(p) = -p**3 - 2*p**2 - 10*p - 11. Give b(-3).
28
Let p(z) = z**2 - 234*z + 5020. Give p(24).
-20
Let z(f) = 41*f + 3005. Determine z(-73).
12
Let a(k) = k**3 + 33*k**2 + 6*k + 185. Determine a(-33).
-13
Let y(l) = -l**3 + 4*l**2 + 47*l - 102. What is y(2)?
0
Let w(f) = -10*f + 225. What is w(30)?
-75
Let n(y) = -3*y**2 - 143*y - 104. What is n(-47)?
-10
Let b(d) = 192*d - 166. What is b(1)?
26
Let h(v) = 132*v - 16744. What is h(126)?
-112
Let d(p) = 766*p - 9189. Calculate d(12).
3
Let o(b) = -8*b + 15. What is o(5)?
-25
Let c(u) = 1031*u - 4124. Give c(4).
0
Let b(q) = -4*q**3 + 29*q**2 + 17*q - 174. Give b(7).
-6
Let h(u) = 140*u + 1353. Give h(-10).
-47
Let m(n) = -483*n - 109. Determine m(0).
-109
Let a(y) = -129*y - 243. Determine a(-3).
144
Let m(z) = 16*z - 125. What is m(10)?
35
Let f(z) = z**3 - 162*z**2 + 168*z - 1099. Determine f(161).
28
Let u(r) = -383*r + 5737. Determine u(15).
-8
Let u(r) = r**3 + 13*r**2 - r + 15. What is u(-13)?
28
Let l(a) = a**3 - 15*a**2 - 43*a + 46. Determine l(17).
-107
Let d(m) = -3735*m - 37345. Determine d(-10).
5
Let a(z) = -z**3 + 7*z**2 + 12*z + 4. Determine a(5).
114
Let o(u) = -141*u - 427. Determine o(-3).
-4
Let o(l) = -l**2 - 212*l - 3175. What is o(-16)?
-39
Let f(l) = -l**2 + 32*l + 115. What is f(11)?
346
Let n(z) = -86*z - 3861. Give n(-45).
9
Let b(g) = -g**3 + 29*g - 34. What is b(7)?
-174
Let m(a) = 3245*a + 6540. What is m(-2)?
50
Let c(u) = 2*u**3 + 15*u**2 + 50*u - 11. What is c(-5)?
-136
Let l(t) = -2*t**2 + 141*t + 1609. Determine l(-10).
-1
Let r(u) = 2*u**2 - 25*u - 263. What is r(19)?
-16
Let m(o) = 2*o**3 - 5*o**2 + 27*o - 36. Calculate m(2).
14
Let r(i) = -125*i - 5252. Calculate r(-42).
-2
Let k(a) = -463*a - 976. What is k(-2)?
-50
Let b(w) = -9*w**2 - 81*w + 235. What is b(3)?
-89
Let j(t) = 2*t**2 + 561*t - 5504. What is j(-290)?
6
Let y(p) = 12921*p + 25811. Determine y(-2).
-31
Let u(m) = -m**3 - 106*m**2 + 345*m + 1960. What is u(-109)?
-2
Let w(c) = -c**3 - 111*c**2 - 218*c + 6. Determine w(-2).
6
Let h(q) = -95*q + 562. Give h(6).
-8
Let w(o) = -2*o**3 - 15*o**2 + 30*o + 25. Determine w(-11).
542
Let x(r) = 307*r + 18. Calculate x(1).
325
Let s(f) = 192*f + 773. Give s(-4).
5
Let i(q) = -q + 95. What is i(20)?
75
Let l(j) = -j**3 - 5*j**2 + 208*j + 641. Determine l(-3).
-1
Let b(c) = -1570*c - 43954. Determine b(-28).
6
Let w(n) = -8685*n - 95534. Calculate w(-11).
1
Let z(k) = -34*k - 322. Determine z(-9).
-16
Let l(u) = u**3 - 35*u**2 + 55*u + 335. Calculate l(33).
-28
Let o(c) = -507*c + 5643. Calculate o(11).
66
Let f(i) = 16*i + 584. Determine f(-36).
8
Let n(f) = -92*f**2 + 646*f - 15. Give n(7).
-1
Let j(p) = p**3 + 69*p**2 + 269*p + 590. Determine j(-65).
5
Let y(j) = -6*j**2 + 3*j + 4. Determine y(-2).
-26
Let s(y) = -y**3 + 63*y**2 + 70*y + 3907. Give s(65).
7
Let v(i) = -1402*i + 8406. Calculate v(6).
-6
Let n(f) = -3*f**3 - 15*f**2 - 23*f - 65. Calculate n(-8).
695
Let b(h) = -37*h**2 - 146*h - 11. What is b(-4)?
-19
Let q(g) = -2*g**2 - 33*g - 134. Calculate q(-13).
-43
Let w(a) = 13*a**2 + 1065*a - 76. Calculate w(-82).
6
Let f(b) = -4*b**3 - 35*b**2 + 227*b + 84. Calculate f(-13).
6
Let a(j) = -30*j + 2219. Determine a(74).
-1
Let b(d) = 2*d**2 - 2*d + 2. Give b(-6).
86
Let n(s) = s**2 + 28*s - 90. Calculate n(-30).
-30
Let x(l) = -5*l**2 + 4*l. Determine x(6).
-156
Let l(b) = -5*b**3 - 322*b**2 - 132*b - 249. What is l(-64)?
7
Let k(m) = m**3 - 2*m**2 - 35*m + 52. What is k(6)?
-14
Let b(p) = -p**2 + 143*p - 3319. Give b(29).
-13
Let z(q) = q**2 + 25*q + 67. What is z(-17)?
-69
Let p(v) = v**2 + 8*v - 28. Calculate p(12).
212
Let n(r) = 5*r**2 + 7*r. Give n(3).
66
Let x(v) = 506*v - 123474. What is x(244)?
-10
Let u(c) = 35*c + 449. Give u(-13).
-6
Let q(v) = -140*v + 1900. What is q(14)?
-60
Let g(s) = 45*s + 242. What is g(-3)?
107
Let c(h) = -2*h**3 - 4*h**2 + 11*h - 28. Determine c(4).
-176
Let f(r) = -27*r + 237. Calculate f(6).
75
Let h(g) = -g**3 + 22*g**2 - 116*g + 30. Give h(14).
-26
Let k(x) = -335*x + 3689. Give k(11).
4
Let t(o) = o**3 - 6*o**2 - 84*o + 541. Give t(7).
2
Let s(p) = p**3 + 12*p**2 + 17*p - 127. Calculate s(-8).
-7
Let f(h) = -h**2 - 23*h - 177. Determine f(-19).
-101
Let d(z) = -z**3 - 12*z**2 + 39*z + 156. Calculate d(-14).
2
Let j(c) = -c**3 - 25*c**2 - 131*c + 85. Give j(-17).
0
Let f(v) = -5*v**2 - 32*v + 29. Give f(-6).
41
Let m(q) = -1233*q - 57952. Determine m(-47).
-1
Let h(f) = 531*f - 3709. Determine h(7).
8
Let z(i) = 2*i**3 + 6*i**2 - 104*i - 7. Give z(6).
17
Let b(a) = -4*a**2 - 207*a + 256. What is b(-53)?
-9
Let a(n) = n**2 - 271*n + 15728. What is a(186)?
-82
Let r(l) = 2*l**3 - 68*l**2 - 251*l + 8541. Determine r(34).
7
Let x(a) = -21*a**3 - 3*a**2 + 3*a + 6. Give x(-2).
156
Let f(l) = -3*l**3 + 147*l**2 + 150*l + 23. Determine f(50).
23
Let c(y) = y**3 + 9*y**2 + 14*y + 11. Determine c(-5).
41
Let h(p) = 17*p + 507. Calculate h(-31).
-20
Let m(g) = -5*g**2 + 12*g + 64. Calculate m(-4).
-64
Let c(x) = -x**2 + 21*x - 108. Give c(11).
2
Let j(y) = -y**3 - 16*y**2 + 75*y - 3. What is j(-20)?
97
Let u(w) = -49*w**2 + 3*w + 5. Determine u(-1).
-47
Let b(f) = -f**2 + 26*f - 112. Calculate b(21).
-7
Let f(i) = 5*i**2 - 4*i - 84. Calculate f(0).
-84
Let n(v) = -1856*v + 12947. Determine n(7).
-45
Let k(d) = d**3 - 15*d**2 + 35*d + 98. Determine k(10).
-52
Let f(n) = n**3 - 29*n**2 + 26*n + 106. Calculate f(28).
50
Let l(w) = 2*w**3 - 436*w**2 - 7486*w + 41. Give l(-16).
9
Let x(b) = -b**2 - 76*b - 1265. Give x(-26).
35
Let z(c) = -2*c**3 - 66*c**2 - 3*c - 97. Calculate z(-33).
2
Let n(p) = 3*p**3 - 2*p**2 - 40*p + 41. Give n(1).